310?
-1010102
In base 14, what is b97 + -1d?
b78
In base 15, what is -17ca + -2?
-17cc
In base 3, what is -2220020121 + -102?
-2220021000
In base 9, what is -3865 + -7?
-3873
In base 15, what is -2a + -35a?
-385
In base 16, what is -5 - -1559c?
15597
In base 12, what is 1 + -4a6a?
-4a69
In base 16, what is 1a190 - 5?
1a18b
In base 7, what is 243363 - 4?
243356
In base 12, what is 168 + -84?
a4
In base 11, what is -1 + 97313?
97312
In base 15, what is 25 - 4b2?
-48c
In base 11, what is -170 - -1463?
12a3
In base 13, what is -6c05 - -2c?
-6ba6
In base 6, what is 1 - -112411?
112412
In base 8, what is 176 + -12144?
-11746
In base 2, what is -110 - 10110111110?
-10111000100
In base 14, what is da38 - 50?
d9c8
In base 15, what is 2c - -7957?
7984
In base 8, what is 3325 - 4?
3321
In base 11, what is -4 - -253a22?
253a19
In base 15, what is 10 - c67?
-c57
In base 8, what is -163717 + -5?
-163724
In base 16, what is -4d - -dcc?
d7f
In base 12, what is -91 + -77b?
-850
In base 8, what is 1604335 - -5?
1604342
In base 11, what is -3 + 9881?
9879
In base 6, what is 5125 + -51?
5034
In base 6, what is 0 + -101431?
-101431
In base 14, what is 8 + 1c95?
1c9d
In base 7, what is 4 - -10033266?
10033303
In base 8, what is -3223 + -36?
-3261
In base 5, what is -3100 + -1402?
-10002
In base 15, what is 4 + -27362?
-2735d
In base 4, what is 112 + 3023?
3201
In base 12, what is -2567 - -353?
-2214
In base 5, what is -124 - -42411?
42232
In base 12, what is 4 + -188030?
-188028
In base 4, what is -10333 - -1311?
-3022
In base 6, what is 214003530 + -2?
214003524
In base 7, what is -2346556 + -3?
-2346562
In base 2, what is 1000111110101 - 10111100011?
110000010010
In base 8, what is -171605 + -1?
-171606
In base 7, what is -103123 - -2?
-103121
In base 13, what is -47 + a157?
a110
In base 6, what is 12112002 - 0?
12112002
In base 7, what is -3 - 45660?
-45663
In base 13, what is 0 - 168571?
-168571
In base 11, what is 20146 + -27?
2011a
In base 4, what is -131 + 102232?
102101
In base 15, what is 56a - -10?
57a
In base 14, what is -173 - -da?
-77
In base 16, what is -9cc87 + -1?
-9cc88
In base 3, what is -121 + 100001001200?
100001001002
In base 8, what is -10 - -32056?
32046
In base 13, what is 7ac6 + 191?
7c87
In base 7, what is 321454 - 4?
321450
In base 8, what is -46056 + 0?
-46056
In base 11, what is 193 - -118?
300
In base 9, what is -22344 - 1?
-22345
In base 14, what is -280c5 - 6?
-280cb
In base 8, what is -427 - -70?
-337
In base 15, what is -25a9 + 48?
-2561
In base 7, what is 0 + -1453?
-1453
In base 4, what is -102223131 - 10?
-102223201
In base 6, what is -115242 + 20?
-115222
In base 12, what is 3 + 7bb7?
7bba
In base 13, what is 1c0 + 1831?
1a21
In base 9, what is -34581 - 5?
-34586
In base 16, what is -4ea90 - -3?
-4ea8d
In base 6, what is -24 - 10535?
-11003
In base 13, what is -a2 - 73b?
-810
In base 7, what is -2550 - -6124?
3244
In base 5, what is -10431 - -4014?
-1412
In base 6, what is -4 - -31420?
31412
In base 10, what is -6913 + 0?
-6913
In base 13, what is -156c - 1a2?
-1741
In base 5, what is -3 - 332343214?
-332343222
In base 2, what is 10010100111101111 - 10?
10010100111101101
In base 8, what is 775 + 3?
1000
In base 12, what is 15b16 - 10?
15b06
In base 2, what is -1 - 100111111101011101111?
-100111111101011110000
In base 14, what is 32 + 1bdcd?
1c021
In base 13, what is 87 + 3a?
c4
In base 3, what is -120 + -201200011?
-201200201
In base 4, what is -21120 - -1101?
-20013
In base 14, what is 4 - -2cbd16?
2cbd1a
In base 2, what is 11101111010100011010 - -100?
11101111010100011110
In base 4, what is -2 - -202023321?
202023313
In base 14, what is 0 - -17a?
17a
In base 2, what is 1101101111000 + 111000100?
1110100111100
In base 6, what is 120050551 + 4?
120050555
In base 5, what is -2033 - -140?
-1343
In base 15, what is 922 + -c?
915
In base 13, what is -4 - -2160a3?
21609c
In base 12, what is 0 + -b6aa6?
-b6aa6
In base 3, what is -10002101 + 1211?
-10000120
In base 13, what is -9b55 + -11?
-9b66
In base 9, what is -2500 + -714?
-3314
In base 14, what is 0 - -2303c?
2303c
In base 16, what is 6e - 2d2?
-264
In base 3, what is -20022 + 122021?
101222
In base 12, what is 4 - -59?
61
In base 8, what is 3 + -1244?
-1241
In base 11, what is 4 - 1600a?
-16006
In base 6, what is -5 + 103202421?
103202412
In base 14, what is 10 + -13da?
-13ca
In base 7, what is 244116 - -1?
244120
In base 11, what is 1259 - 17?
1242
In base 5, what is 31240222 - -3?
31240230
In base 11, what is 12 - 5202?
-51a0
In base 9, what is 2783 - -2?
2785
In base 12, what is 282b - -7?
2836
In base 5, what is -4 + -42203?
-42212
In base 4, what is -3 - 12133?
-12202
In base 8, what is 32552 - -7?
32561
In base 10, what is -72259 + 5?
-72254
In base 13, what is -2c4 - -867?
573
In base 14, what is 4 - -15ca7?
15cab
In base 2, what is -111 + 1000101111110?
1000101110111
In base 9, what is -311 - 2507?
-2818
In base 2, what is 110 + 10001100?
10010010
In base 13, what is 4b - a14?
-996
In base 13, what is -2 + 8873?
8871
In base 13, what is ca + -84?
46
In base 4, what is -10 - -11233102?
11233032
In base 14, what is b16 - 150?
9a6
In base 11, what is -14a90 - 0?
-14a90
In base 8, what is 66377 - -5?
66404
In base 11, what is 324951 + 0?
324951
In base 10, what is -10123 - -2?
-10121
In base 12, what is 1 - 64b84?
-64b83
In base 4, what is -1202 + -222222?
-230030
In base 11, what is -4a19 + 4?
-4a15
In base 9, what is -16114 - 15?
-16130
In base 14, what is 10b56 + -2?
10b54
In base 5, what is -13 - 320110?
-320123
In base 7, what is 3 - -11100621?
11100624
In base 16, what is -af5 + -24b?
-d40
In base 8, what is -2273 - 1157?
-3452
In base 8, what is -1 - 223330?
-223331
In base 6, what is -3 + 1350424?
1350421
In base 7, what is -132343 + -6?
-132352
In base 11, what is 5575 - -10?
5585
In base 14, what is 4d3 + -6b?
466
In base 8, what is 3 + 514036?
514041
In base 14, what is -1ad01 - 3?
-1ad04
In base 9, what is -5 - 6857?
-6863
In base 11, what is 6 + -60511?
-60506
In base 3, what is -2111 - 1021111?
-1100222
In base 7, what is 325 - 501?
-143
In base 9, what is 4 + -15708?
-15704
In base 3, what is 11 + 11011112011?
11011112022
In base 14, what is d + -4039?
-402a
In base 13, what is 973 + -6?
96a
In base 10, what is -723187 - 0?
-723187
In base 4, what is -1 + -2232131?
-2232132
In base 9, what is -2 - -810818?
810816
In base 11, what is a986 + 8?
a993
In base 13, what is -245ac + -8?
-245b7
In base 14, what is 12 + -167?
-155
In base 12, what is 1 + 75b4a?
75b4b
In base 7, what is 131 + -1650?
-1516
In base 11, what is 0 + -1603?
-1603
In base 6, what is 501203 + 34?
501241
In base 6, what is -214 + -131252?
-131510
In base 13, what is -30 - -37?
7
In base 12, what is 10 + -b151?
-b141
In base 16, what is 7d0 + -17?
7b9
In base 8, what is 272 - -606?
1100
In base 15, what is 211 - -c29?
e3a
In base 6, what is 2 + -1513342?
-1513340
In base 5, what is -210424 + -10?
-210434
In base 15, what is 62 - -85?
e7
In base 9, what is -3527507 + 3?
-3527504
In base 16, what is 26c + 1cd?
439
In base 14, what is 1 + -b8144?
-b8143
In base 10, what is 0 - 10054?
-10054
In base 2, what is -10100011011011011 + -1?
-10100011011011100
In base 15, what is 41 - 1382?
-1341
In base 12, what is 11a + -54?
86
In base 3, what is 21011 + -102012?
-11001
In base 3, what is 1201212001 - -11?
1201212012
In base 15, what is 5 + 10da1?
10da6
In base 15, what is 220d9 - -5?
220de
In base 4, what is 1302023 - -2313?
1311002
In base 5, what is 120420 + -1?
120414
In base 12, what is 325189 + -1?
325188
In base 7, what is 165 - -1252?
1450
In base 8, what is 2733760 - 0?
2733760
In base 15, what is 10a9 + 4?
10ad
In base 7, what is 2 + 42214?
42216
In base 13, what is 2a97a7 - 3?
2a97a4
In base 13, what is -16 - -35?
1c
In base 5, what is 10 - 1303024?
-1303014
In base 15, what is -3875 + 0?
-3875
In base 4, what is -2320 - 121202?
-130122
In base 3, what is -121 + 20100000?
20022102
In base 5, what is -11 - -33113?
33102
In base 3, what is -12 + -1022121101002?
-1022121101021
In base 8, what is -73 + -4126?
-4221
In base 10, what is -1 - -3823?
3822
In base 4, what is -30012112 + 0?
-30012112
In base 8, what is 15727 - -432?
16361
In base 13, what is -2 - -4343?
4341
In base 14, what is 62